{"id":531,"date":"2023-05-24T12:01:17","date_gmt":"2023-05-24T10:01:17","guid":{"rendered":"https:\/\/hassert.dk\/?page_id=531"},"modified":"2023-05-24T12:01:17","modified_gmt":"2023-05-24T10:01:17","slug":"som-medlem-af-scad-danmark-faar-du","status":"publish","type":"page","link":"https:\/\/scaddanmark.dk\/index.php\/som-medlem-af-scad-danmark-faar-du\/","title":{"rendered":"Som medlem af SCAD Danmark f\u00e5r du:"},"content":{"rendered":"\n<p>Et \u00e5rligt fysisk m\u00f8de med deltagelse af andre medlemmer. Her inviteres en fagperson med kendskab til SCAD, som vil holde et opl\u00e6g<\/p>\n\n\n\n<p>M\u00e5nedlige opdateringer om den nyeste forskning i SCAD<\/p>\n\n\n\n<p>Personlig vejledning af sygeplejerske og SCAD patient. Her kan du f\u00e5 besvaret sp\u00f8rgsm\u00e5l som: Hvem kan du henvende dig til p\u00e5 dig lokale sygehus eller kommune? Hvad er Myndighedernes nyeste anbefalinger? Hvordan kommer jeg mest hensigtsm\u00e6ssigt tilbage til arbejdsmarkedet?<\/p>\n\n\n\n<p>Din egen &#8220;SCAD sundhedsprofil&#8221; hvor vi l\u00f8bende m\u00e5ler p\u00e5 din trivsel, dit blodtryk og puls<\/p>\n\n\n\n<p><\/p>\n\n\n\n<p>Hvem st\u00e5r bag<\/p>\n\n\n\n<p><\/p>\n","protected":false},"excerpt":{"rendered":"<p>Et \u00e5rligt fysisk m\u00f8de med deltagelse af andre medlemmer. Her inviteres en fagperson med kendskab til SCAD, som vil holde et opl\u00e6g M\u00e5nedlige opdateringer om den nyeste forskning i SCAD Personlig vejledning af sygeplejerske og SCAD patient. Her kan du f\u00e5 besvaret sp\u00f8rgsm\u00e5l som: Hvem kan du henvende dig til p\u00e5 dig lokale sygehus eller [&hellip;]<\/p>\n","protected":false},"author":1,"featured_media":0,"parent":0,"menu_order":0,"comment_status":"closed","ping_status":"closed","template":"","meta":{"site-sidebar-layout":"default","site-content-layout":"","ast-site-content-layout":"default","site-content-style":"default","site-sidebar-style":"default","ast-global-header-display":"","ast-banner-title-visibility":"","ast-main-header-display":"","ast-hfb-above-header-display":"","ast-hfb-below-header-display":"","ast-hfb-mobile-header-display":"","site-post-title":"","ast-breadcrumbs-content":"","ast-featured-img":"","footer-sml-layout":"","ast-disable-related-posts":"","theme-transparent-header-meta":"","adv-header-id-meta":"","stick-header-meta":"","header-above-stick-meta":"","header-main-stick-meta":"","header-below-stick-meta":"","astra-migrate-meta-layouts":"default","ast-page-background-enabled":"default","ast-page-background-meta":{"desktop":{"background-color":"","background-image":"","background-repeat":"repeat","background-position":"center center","background-size":"auto","background-attachment":"scroll","background-type":"","background-media":"","overlay-type":"","overlay-color":"","overlay-opacity":"","overlay-gradient":""},"tablet":{"background-color":"","background-image":"","background-repeat":"repeat","background-position":"center center","background-size":"auto","background-attachment":"scroll","background-type":"","background-media":"","overlay-type":"","overlay-color":"","overlay-opacity":"","overlay-gradient":""},"mobile":{"background-color":"","background-image":"","background-repeat":"repeat","background-position":"center center","background-size":"auto","background-attachment":"scroll","background-type":"","background-media":"","overlay-type":"","overlay-color":"","overlay-opacity":"","overlay-gradient":""}},"ast-content-background-meta":{"desktop":{"background-color":"var(--ast-global-color-5)","background-image":"","background-repeat":"repeat","background-position":"center center","background-size":"auto","background-attachment":"scroll","background-type":"","background-media":"","overlay-type":"","overlay-color":"","overlay-opacity":"","overlay-gradient":""},"tablet":{"background-color":"var(--ast-global-color-5)","background-image":"","background-repeat":"repeat","background-position":"center center","background-size":"auto","background-attachment":"scroll","background-type":"","background-media":"","overlay-type":"","overlay-color":"","overlay-opacity":"","overlay-gradient":""},"mobile":{"background-color":"var(--ast-global-color-5)","background-image":"","background-repeat":"repeat","background-position":"center center","background-size":"auto","background-attachment":"scroll","background-type":"","background-media":"","overlay-type":"","overlay-color":"","overlay-opacity":"","overlay-gradient":""}},"footnotes":""},"class_list":["post-531","page","type-page","status-publish","hentry"],"jetpack_sharing_enabled":true,"_links":{"self":[{"href":"https:\/\/scaddanmark.dk\/index.php\/wp-json\/wp\/v2\/pages\/531","targetHints":{"allow":["GET"]}}],"collection":[{"href":"https:\/\/scaddanmark.dk\/index.php\/wp-json\/wp\/v2\/pages"}],"about":[{"href":"https:\/\/scaddanmark.dk\/index.php\/wp-json\/wp\/v2\/types\/page"}],"author":[{"embeddable":true,"href":"https:\/\/scaddanmark.dk\/index.php\/wp-json\/wp\/v2\/users\/1"}],"replies":[{"embeddable":true,"href":"https:\/\/scaddanmark.dk\/index.php\/wp-json\/wp\/v2\/comments?post=531"}],"version-history":[{"count":1,"href":"https:\/\/scaddanmark.dk\/index.php\/wp-json\/wp\/v2\/pages\/531\/revisions"}],"predecessor-version":[{"id":532,"href":"https:\/\/scaddanmark.dk\/index.php\/wp-json\/wp\/v2\/pages\/531\/revisions\/532"}],"wp:attachment":[{"href":"https:\/\/scaddanmark.dk\/index.php\/wp-json\/wp\/v2\/media?parent=531"}],"curies":[{"name":"wp","href":"https:\/\/api.w.org\/{rel}","templated":true}]}}